te the greatest common divisor of f and 765.
15
Let u = -742 + 746. Suppose d = z + 35, -z = 4*d - 152 - 3. Suppose -u*f - 4*l + 18 = -d, 5*f = -4*l + 75. Calculate the greatest common divisor of f and 152.
19
Let r = 109 - 72. Suppose 0 = 3*h - 2*h + 1, 3*h = m + r. Let g be (-4)/10 + (-816)/m. What is the greatest common factor of g and 10?
10
Suppose -12*u + 8678 = -1222. Suppose 3*r - 484 = -3*d - r, 5*d = -3*r + u. What is the highest common divisor of 126 and d?
42
Let q be ((-215765)/(-5))/11 - (-4)/2. Calculate the greatest common factor of 314 and q.
157
Suppose -2*q + 5*c - 10 + 3 = 0, -5*c - 57 = 2*q. Let w = 59 + q. Let u = w + -37. Calculate the highest common factor of u and 24.
6
Suppose 3*b + 2*d - 241 = 333, -1 = d. Suppose 0*a - b = -2*a. Let k = 2058 - 2046. What is the highest common divisor of a and k?
12
Suppose 19*p - 498 = 23*p - 5034. Calculate the greatest common factor of p and 315.
63
Let g(k) = -6*k + 34. Let o be (-2)/(-7) + (-540)/(-70). Let c be g(o). Let p = 7 - c. What is the greatest common divisor of p and 147?
21
Let b = -9094 - -12110. Calculate the greatest common factor of 87 and b.
29
Suppose -12*s + 10 = 10. Suppose 4*o + 119 = 3*f, -f + 38 = -s*o - o. Calculate the greatest common factor of 33 and f.
33
Let v = 498 - 468. Let h(n) = -166*n**3 + 2*n + 1. Let s be h(-1). What is the highest common factor of v and s?
15
Let a = -3 + 51. Let k be (((-54)/(-15))/(-3))/(6/(-30)). Let l(m) = 12*m. Let j be l(k). Calculate the highest common factor of j and a.
24
Let w = -115 - -1595. What is the greatest common divisor of 80 and w?
40
Let j be (110/(-15) - -7)/((-2)/78). Let k(y) = -68*y + 17. Let g be k(-3). What is the highest common factor of j and g?
13
Suppose 0 = 4*l - 3*l - 4*r - 60, r + 195 = 4*l. Let z(w) = -39*w**2 + 1218*w + 41. Let f be z(31). What is the highest common factor of l and f?
16
Suppose 5*s - 24 = 1. Suppose 883 - 273 = 2*q. Suppose -s*h - 213 = 4*r - 982, 2*h - r - q = 0. Calculate the greatest common divisor of 17 and h.
17
Let i(d) = -3 - 5 + 0 - 2*d. Let h be i(-7). Suppose 12*v - 18 = 11 + 115. Calculate the greatest common factor of v and h.
6
Suppose -4*j - 2*g = -20018, 0 = -5*j - 325*g + 330*g + 25075. Calculate the highest common divisor of 128 and j.
16
Suppose 0 = -3*k - 5*a + 20930, 10*k - 8*k - 4*a = 13968. What is the greatest common factor of 20 and k?
20
Let n be 4/(-8) - (-130)/20. Suppose -n*b + f + 45 = -5*b, -3*f = 5*b - 257. Calculate the highest common divisor of b and 343.
49
Let u be 64 - (-4 - -1 - -4)*8/(-4). What is the greatest common divisor of 1144 and u?
22
Let h = -41 + 29. Let l be 11/1 + (-18 - h). What is the highest common factor of l and 3?
1
Let p(b) = -b**3 + 2*b + 8. Let v be p(0). Let j be (-818)/v - (-45)/(-60). Let x = -94 - j. Calculate the greatest common divisor of 63 and x.
9
Let f be ((-75)/(-6))/((-105)/(-40) + -2). What is the highest common factor of 310 and f?
10
Let p be 15/(-12) + (4 - 6327/(-12)). Calculate the highest common factor of 30 and p.
10
Let u = 24825 + -24643. Suppose -5*y - 39 + 109 = 0. What is the greatest common divisor of y and u?
14
Suppose -468 + 1053 = 9*f. Calculate the highest common divisor of f and 806.
13
Let o = 5 - -5. Suppose 0 = -27*p + 28*p - o. Let l be (-2 - p)*2/(-3). What is the highest common divisor of l and 88?
8
Let g be 4/2*1*62. Suppose 146*v + 542 - 1924 - 954 = 0. What is the greatest common factor of v and g?
4
Let i be (129908/3455)/(1/255). Calculate the highest common divisor of i and 136.
68
Let t be -183*((-8)/36 + (-28)/36). Suppose -5*s + 288 = 4*p, t = 5*s + p - 99. Calculate the highest common factor of 84 and s.
28
Let g = -1491 + 1655. Calculate the greatest common divisor of 5494 and g.
82
Suppose -5*z = -374 + 134. Let j(a) = 38*a - 829. Let d be j(21). Let w = z + d. Calculate the greatest common divisor of 136 and w.
17
Suppose -22807*j - 4 = -22809*j. Calculate the highest common divisor of j and 694.
2
Let c be 5 - 3/(9 + 231/(-28)). Let x(q) be the second derivative of 67*q**3/6 - q**2 + q. Let z be x(c). Calculate the highest common factor of z and 13.
13
Let o = -29 + 56. Let s be (1 - 0) + 8/(-2). Let d be s/(0 - -3) - -19. What is the highest common divisor of o and d?
9
Let j = 0 + -9. Let t = j - -39. Let g be 27 + (-27 - -99)/4. What is the highest common factor of t and g?
15
Suppose 71*c - 820 = -110. Calculate the greatest common divisor of c and 16010.
10
Let t be 25/(6/18 - 0) - (-74 - -86). Let v(m) = 9*m**3 + m - 1. Let g be (-1*2)/(-2 - 0). Let f be v(g). Calculate the greatest common factor of f and t.
9
Let k be 77 + (75/(-30))/((-10)/4). Suppose 5*s = k - 3. What is the highest common factor of 27 and s?
3
Suppose 2*h + 61645 = 5*f, 4*h = 4*f - 34490 - 14838. Suppose -3367 + f = 28*p. What is the highest common factor of p and 10?
10
Let t be 2/(-3*3/(-18)). Suppose -1356 = -4*f + 5*j, 23*f = 20*f + 3*j + 1008. What is the highest common factor of t and f?
4
Let v = 2572 + -2551. What is the highest common divisor of 3066 and v?
21
Suppose 8*j - 10790 = 34*j. Let r be (249/j)/(6/(-40)). What is the highest common divisor of r and 20?
4
Suppose 2*a + 2 + 1 = -3*t, 4*t = 5*a - 27. Let q be (t + -1)*(7 - 29/2). What is the greatest common factor of q and 570?
30
Let c(m) = 320*m + 10. Let d be c(4). What is the greatest common divisor of d and 150?
30
Let k be ((-1)/(2/2908))/((-1196)/4186). What is the greatest common factor of k and 28?
7
Suppose -g - 2 = -7. Let i(s) = -16*s - 47. Let z be i(-5). Suppose -30*j = -z*j + 30. Calculate the highest common factor of j and g.
5
Let r = 2351 - -169. Suppose -42*z + 24*z + r = 0. What is the greatest common divisor of 56 and z?
28
Suppose 74*b - 76*b = 0. Suppose 14*u - 19*u + 1005 = b. Let v be u/4 + (-2)/((-40)/15). Calculate the greatest common divisor of v and 17.
17
Let m(u) = 2*u**3 + 29*u**2 - 15*u + 3. Let k be m(-15). Suppose -3*t = -4*q + 25 + 6, k*t = -4*q + 25. What is the highest common factor of q and 28?
7
Suppose -9*b + 468 + 2310 = 24. Calculate the highest common divisor of b and 340.
34
Suppose 0 = 84*x - 127*x + 6192. What is the highest common factor of x and 594?
18
Let a(c) = -4*c**3 - 19*c**2 - 50*c - 53. Let g be a(-15). What is the greatest common divisor of 82 and g?
82
Let x be 2/((-8)/(-7) - 1). Suppose 153*i - 37475 = 260*i + 80*i - 97689. Calculate the greatest common divisor of x and i.
14
Let o = -442 + 238. Let k = -197 - o. Calculate the greatest common factor of k and 28.
7
Let g = -22 - -14. Let o = 21 - g. Let v be 6/(-5) + (-86728)/(-740). Calculate the highest common divisor of v and o.
29
Let b(z) = -74*z - 2196. Let f be b(-63). Calculate the greatest common divisor of 18 and f.
18
Let h = -180 + 183. Suppose v = -3*j + h*v + 1099, 2*j - 4*v - 738 = 0. Calculate the highest common divisor of j and 73.
73
Suppose -73 = -3*a - 31. Let o be (-22)/(-6) - a/21. Suppose 0*c + c - 17 = 2*q, o*c + 5*q = -4. Calculate the highest common divisor of 63 and c.
7
Let t be (1 - 1) + 26 + -2. Let a(x) = x**3 + 2*x**2 - 37*x - 15. Let m be a(-7). Let n be 2/(-18)*m + 2695/45. What is the highest common divisor of t and n?
12
Let v(y) = -4*y + 19. Let m be v(8). Let u be 5 + m + 5 + 269. Calculate the greatest common factor of 76 and u.
38
Let c be (-276)/((-8)/8) - -11. Calculate the greatest common factor of c and 82.
41
Suppose 0 = -22*p + 18*p - 2*v + 408, 4*p - 396 = v. What is the highest common divisor of 2050 and p?
50
Let g be (12/(-10))/(534/(-12015)). Suppose 729 = 4*b - b. What is the highest common divisor of g and b?
27
Let d be -5 + (-17)/(-21)*6 + 120432/28. Calculate the greatest common factor of d and 88.
11
Let g(i) = -i**2 - 6*i + 28. Let l be g(-9). Let b be -6 + l + 1 + -1 + 141. Calculate the highest common factor of b and 204.
68
Let k = 58 + -68. Let b(m) = -m**2 - 20*m - 73. Let z be b(k). Calculate the greatest common factor of z and 6.
3
Suppose -5*t - 265 - 3 = -72*t. What is the greatest common divisor of t and 1868?
4
Let h = -586 - -560. Let l be 300/650*h/(-4). Calculate the greatest common divisor of l and 33.
3
Let q be (-20)/(-15)*-1*3/2. Let w be (-23)/(-4)*4 + q. Let x be (-12)/(-15) + 11/5. Calculate the highest common divisor of x and w.
3
